 = -4*j + 2*j + u. Let f = 82 - 72. What is the remainder when f is divided by j?
0
Let v(y) = -2*y**3 - 18*y**2 - 61*y - 3. What is the remainder when v(-9) is divided by 24?
18
Suppose -z - 3*f + 8*f + 375 = 0, 4*z = -f + 1437. Suppose 0 = -2*n + 5*n - z. Suppose 0 = i - 6*i + n. What is the remainder when i is divided by 13?
11
Suppose 0 = 589*q - 579*q - 370. What is the remainder when 72 is divided by q?
35
Let m(p) = p**3 - 11*p**2 + 42*p + 7. What is the remainder when 465 is divided by m(8)?
12
Let v(w) = -w**2 - 14*w + 188. Let a be v(-22). Suppose 5*n = -l + 4, -l - 4*l - 3*n = -42. Let z = a - l. What is the remainder when 6 is divided by z?
0
Suppose 0 = -3*p + 15, -p = -3*y + 4*y - 14. Let h = -1273 - -1317. What is the remainder when h is divided by y?
8
Let d = -281 + 318. Suppose 0 = k - 26 + 7. Calculate the remainder when d is divided by k.
18
Suppose -3*v = 2*v. Let y be v/(((-4)/1)/4). Suppose y = b - 3*b + 10. What is the remainder when 22 is divided by b?
2
Let g = 72 + -27. Suppose -3*q + 3*n = -120, 4*q - n - g = 124. What is the remainder when q is divided by 15?
13
Suppose -7*d + 5*f = -4*d - 30, 0 = -2*d - 2*f + 20. What is the remainder when 87 is divided by d?
7
Let m = -97 - -101. Let x = 2 - 0. Suppose 5*t - 66 = -3*f, 65 + 1 = m*t - x*f. What is the remainder when 42 is divided by t?
12
Suppose 4*u + 0 = 4*c - 24, 2*c - 3*u = 13. Let d(a) = 3*a. What is the remainder when 27 is divided by d(c)?
12
Let d(v) = -2 + 0 + 0 + 5 + v**2 + v. What is the remainder when d(-3) is divided by 3?
0
Let h = -6 + 116. What is the remainder when h is divided by 13 + 3 - 48/6?
6
Let m = -24 - -42. Suppose -3*b = 6, 3*b = -4*j + 2*b + m. Let c = 8 - -1. Calculate the remainder when c is divided by j.
4
Suppose -17*t + 9*t - 8*t = -496. Suppose s = -s + 178. Calculate the remainder when s is divided by t.
27
Suppose -61 = -17*x + 41. Let i be (1 - 1)/(-2) - -12. Suppose j = 5*j - i. What is the remainder when x is divided by j?
0
Let v be (-4)/6*-6 + -29. Let h be 1/(-3)*3 - v. Let c = h - 12. What is the remainder when c is divided by 7?
5
Suppose 2*k + 85 - 13 = 0. Calculate the remainder when (-9)/(k/16) + 27 is divided by 9 - (2 + -2 + -2).
9
Suppose -36 - 68 = -2*n. Suppose b + 3*a = 5, -4*a = 4*b - 8*a - n. Calculate the remainder when 49 is divided by b.
5
Let x = 906 - 911. Let t(i) be the second derivative of -i**5/20 - 5*i**4/12 - i**3/6 + i**2 + i. Calculate the remainder when 17 is divided by t(x).
3
Let b = 4 - 6. Suppose z - 30 = -j, 0 = 137*z - 142*z + 2*j + 150. Calculate the remainder when z is divided by (b + -2 + 2)*-4.
6
Suppose 131 = 5*t + 86. Calculate the remainder when 106 is divided by t.
7
Let h = 630 - 599. What is the remainder when 57 is divided by h?
26
Let m(n) = -6*n**3 + 2*n**2 + 5*n - 6. Let o be m(2). Calculate the remainder when 10 is divided by o/10*85/(-51).
4
Let l(z) = 12*z - 12. Let n be l(10). Suppose 0 = -4*o - 5*a + n, -3*o + 3*a + 58 = a. Suppose 1 = u - 5. Calculate the remainder when o is divided by u.
4
Let h(u) be the second derivative of u**4/12 + u**3/3 - 7*u**2 + 2*u. What is the remainder when h(5) is divided by 11?
10
Let m = 111 - 195. Let b = m - -112. What is the remainder when b is divided by 8?
4
Let h(w) = 20*w - 1. Suppose -7*j + 9*j = 8. Suppose 0 = -y + j + 32. Calculate the remainder when y is divided by h(1).
17
Suppose 4*k - 12 + 0 = 0. What is the remainder when 17 is divided by k?
2
What is the remainder when 26 + 4/8*12 is divided by 9?
5
Suppose -4*d - 5*x = -7, 7 = -4*d + 6*d - x. Suppose 133 = -d*w + 373. What is the remainder when w is divided by 21?
17
Let j = -701 + 732. What is the remainder when 77 is divided by j?
15
Suppose 44*q + 3*q = 17719. What is the remainder when q is divided by 76?
73
Suppose 2*w - 3*w = -10. Suppose -11 = -3*b + w. Calculate the remainder when 11 is divided by b.
4
Suppose -s = 5*r - 98, -3*s + 324 - 2 = r. Calculate the remainder when s is divided by 16.
12
Let w(g) = -g**2 + 10. Let t be w(0). Suppose 0 = 13*x - t*x - 258. What is the remainder when x is divided by 29?
28
Let c be 6 + 81/(-15) - (-13)/(-5). What is the remainder when 113 is divided by (-3 - c)/(1*(-2)/38)?
18
Suppose 3*u - 299 = -0*z + 4*z, -5*u - 5*z = -475. Let g = -35 + u. Suppose 60 = 3*b - 3. Calculate the remainder when g is divided by b.
20
Suppose -j + 0*j = -53. Suppose 8 = 2*z - 20. Calculate the remainder when j is divided by z.
11
Let w = 137 - -85. What is the remainder when w is divided by 7?
5
Let b(w) = -w**2 - 26*w + 10. What is the remainder when b(-23) is divided by 16?
15
Let x be (-64)/(-6) + (-4)/6. Let h = 18 + x. Calculate the remainder when 109 is divided by h.
25
Suppose 910 = 28*m - 994. Calculate the remainder when 1087 is divided by m.
67
Let p = -559 + 573. What is the remainder when (-12)/5*60/(-9) is divided by p?
2
Let d(v) = v**3 - 4*v**2 + 2*v - 16. Calculate the remainder when d(6) is divided by 5.
3
Calculate the remainder when 102 is divided by (-3)/((-1 - -3)*(-18)/312).
24
Let l(k) = 16*k + 4. Let n be 5*6/5 + -1. Calculate the remainder when l(n) is divided by 43.
41
Let a = -20 - -95. Let l(k) be the second derivative of -k**5/20 + k**4/2 + 5*k**3/3 - k**2 + 2*k. What is the remainder when a is divided by l(7)?
18
Let n be -2 - (1 + 1 + -5). Calculate the remainder when -5 - (60/(-12) + -26) is divided by 1/n + -2 - -15.
12
Suppose -3*q + 8*q + 8 = p, 3 = 2*p + 3*q. Let w = 7 + -11. Calculate the remainder when 59 + (w/(-2) - p) is divided by 10.
8
Let q(u) = 7*u**3 - 4*u**2 + 14*u - 26. What is the remainder when q(2) is divided by (2 + -1)/((-1)/(-9))?
6
Let z be 6 - (2 + -12)/(-5). Suppose -3*n + 13 = -z*h, h = -2*n + 7*n - 50. Calculate the remainder when 20 is divided by n.
9
Suppose 260 = 8*v + 5*v. What is the remainder when 58 is divided by v?
18
Let w(q) = -14*q + 24. What is the remainder when 139 is divided by w(1)?
9
Suppose 0 = -u - u + 22. Let r(c) = c**2 + 23*c - 155. What is the remainder when r(-29) is divided by u?
8
Let y = -5 + 5. Suppose -4*u = 3*k - y*k + 22, 3*u + 2*k = -16. What is the remainder when 31 is divided by (2/(-3))/(u/66)?
9
Suppose 3*c - 42 = -2*l + 4*l, 0 = 3*c - 5*l - 42. Calculate the remainder when (4/(-7))/((-2)/616*8) is divided by c.
8
Suppose n = -5*g - 427, -4*g - g + 2*n - 436 = 0. Calculate the remainder when g/(-2) - (14 - 10) is divided by 11.
6
Suppose -54*s + 51*s + 4*p + 202 = 0, -2*p + 144 = 2*s. Calculate the remainder when s is divided by (4/(-6))/((-2)/36).
10
Let d be (-9 + 12)*19/1. Suppose 0 = -5*j + 3*n + 144, 4*n - 3*n = 2*j - d. What is the remainder when 25 is divided by 27*(-3)/j*-3?
7
Let i(j) = 8 - j + 4 - 4. Calculate the remainder when 19 is divided by i(3).
4
Let w = 8 - 9. Let n be w*3/(3/(-2)). What is the remainder when 33 is divided by (2/n)/((-7)/(-119))?
16
Suppose -4*q + 59 = i - 2, 5*i - 50 = -3*q. What is the remainder when 32 is divided by q?
2
Let i = -156 - -162. Suppose 0*n - 11 = -n. Calculate the remainder when (-2 - 2) + 3 + n is divided by i.
4
Suppose -6*y - 348 + 2232 = 0. Calculate the remainder when y is divided by 15.
14
Suppose y - 2*y = -3*n - 9, 5*y = -n - 3. Calculate the remainder when 23 is divided by -1 - n/(2/24*4).
7
Suppose 0 = -7*h + 191 + 26. Let r = h + 20. What is the remainder when r is divided by 13?
12
What is the remainder when 39 is divided by -8*5/2*1/(-2)?
9
Let b(x) = 11*x + 11. Calculate the remainder when b(4) is divided by 23.
9
Suppose -20 = -6*b - 8. Let r(t) = t + 7. Calculate the remainder when r(b) is divided by ((-12)/(-1))/2 + -1.
4
Let g(o) = o**3 - 3*o**2 - 28*o + 7. Calculate the remainder when 12 is divided by g(-4).
5
Let r = -12 - -16. Suppose -5*n = -n - 16, r*b + 4 = 4*n. Calculate the remainder when b is divided by 1.
0
Let t be -1 - 3/((-9)/6) - -24. Suppose -s + t = -62. What is the remainder when s is divided by 18?
15
Let v be (-6)/(2 + -1 - 3). Suppose -v = -f + 7. Suppose -71 = -b + f. Calculate the remainder when b is divided by 21.
18
Suppose -b + 109 = s, -s + 3*b + 104 = 7. Calculate the remainder when s is divided by 11.
7
What is the remainder when -2*(1 - 228 - -4) is divided by 112?
110
What is the remainder when (-3)/9 - (-272)/24 is divided by 5?
1
Suppose 4*x + 96 = 